{"id":4440,"date":"2021-05-23T12:51:49","date_gmt":"2021-05-23T10:51:49","guid":{"rendered":"https:\/\/bfo-ag.de\/?page_id=4440"},"modified":"2021-05-23T12:51:49","modified_gmt":"2021-05-23T10:51:49","slug":"internationales-netzwerk","status":"publish","type":"page","link":"https:\/\/bfo-ag.de\/index.php\/internationales-netzwerk\/","title":{"rendered":"Netzwerk"},"content":{"rendered":"<p>[vc_row][vc_column][vc_custom_heading text=&#8220;Netzwerk&#8220; font_container=&#8220;tag:h2|text_align:center&#8220; google_fonts=&#8220;font_family:Roboto%20Condensed%3A300%2C300italic%2Cregular%2Citalic%2C700%2C700italic|font_style:300%20light%20regular%3A300%3Anormal&#8220;][\/vc_column][\/vc_row][vc_row][vc_column][vc_column_text]Als Mandant der Bremer Family Office AG profitieren Sie vom bundesweiten und internationalen Netzwerk der Gesellschaft. Wir unterst\u00fctzen Sie\u00a0 mit individuellen und pers\u00f6nlichen Kontakten und Zugang u.a. zu folgenden Dienstleistern:<\/p>\n<ul>\n<li>Banken<\/li>\n<li>Versicherungen<\/li>\n<li>Verm\u00f6gensverwalter<\/li>\n<li>Mediatoren und Konfliktmanager<\/li>\n<li>Finanzierungsberater &amp; Projektentwickler<\/li>\n<li>Rechtsanw\u00e4lte und Notare<\/li>\n<li>Steuerberater und Wirtschaftspr\u00fcfer<\/li>\n<\/ul>\n<p>[\/vc_column_text][\/vc_column][\/vc_row][vc_row][vc_column][vc_column_text]<\/p>\n<p>[\/vc_column_text][\/vc_column][\/vc_row]<\/p>\n","protected":false},"excerpt":{"rendered":"<p>[vc_row][vc_column][vc_custom_heading text=&#8220;Netzwerk&#8220; font_container=&#8220;tag:h2|text_align:center&#8220; google_fonts=&#8220;font_family:Roboto%20Condensed%3A300%2C300italic%2Cregular%2Citalic%2C700%2C700italic|font_style:300%20light%20regular%3A300%3Anormal&#8220;][\/vc_column][\/vc_row][vc_row][vc_column][vc_column_text]Als Mandant der Bremer Family Office AG profitieren Sie vom bundesweiten und internationalen Netzwerk der Gesellschaft. Wir unterst\u00fctzen Sie\u00a0 mit individuellen und pers\u00f6nlichen Kontakten und Zugang u.a. zu folgenden Dienstleistern: Banken Versicherungen Verm\u00f6gensverwalter Mediatoren und Konfliktmanager Finanzierungsberater &amp; Projektentwickler Rechtsanw\u00e4lte und Notare Steuerberater und Wirtschaftspr\u00fcfer [\/vc_column_text][\/vc_column][\/vc_row][vc_row][vc_column][vc_column_text] [\/vc_column_text][\/vc_column][\/vc_row]<\/p>\n","protected":false},"author":7,"featured_media":0,"parent":0,"menu_order":0,"comment_status":"closed","ping_status":"closed","template":"","meta":[],"yoast_head":"<!-- This site is optimized with the Yoast SEO plugin v16.0.2 - https:\/\/yoast.com\/wordpress\/plugins\/seo\/ -->\n<title>Netzwerk &ndash; Bremer Family Office AG<\/title>\n<meta name=\"description\" content=\"Bremer Family Office bietet Leistungen im Bereich Finanzplanung, Verm\u00f6genscontrolling und Immaterielle Vorsorge in Bremen.\" \/>\n<link rel=\"canonical\" href=\"https:\/\/bfo-ag.de\/index.php\/internationales-netzwerk\/\" \/>\n<meta property=\"og:locale\" content=\"de_DE\" \/>\n<meta property=\"og:type\" content=\"article\" \/>\n<meta property=\"og:title\" content=\"Netzwerk &ndash; Bremer Family Office AG\" \/>\n<meta property=\"og:description\" content=\"Bremer Family Office bietet Leistungen im Bereich Finanzplanung, Verm\u00f6genscontrolling und Immaterielle Vorsorge in Bremen.\" \/>\n<meta property=\"og:url\" content=\"https:\/\/bfo-ag.de\/index.php\/internationales-netzwerk\/\" \/>\n<meta property=\"og:site_name\" content=\"Bremer Family Office AG\" \/>\n<meta name=\"twitter:card\" content=\"summary\" \/>\n<meta name=\"twitter:label1\" content=\"Gesch\u00e4tzte Lesezeit\">\n\t<meta name=\"twitter:data1\" content=\"1\u00a0Minute\">\n<script type=\"application\/ld+json\" class=\"yoast-schema-graph\">{\"@context\":\"https:\/\/schema.org\",\"@graph\":[{\"@type\":\"WebSite\",\"@id\":\"https:\/\/bfo-ag.de\/#website\",\"url\":\"https:\/\/bfo-ag.de\/\",\"name\":\"Bremer Family Office AG\",\"description\":\"Ihr Partner f\\u00fcr\",\"potentialAction\":[{\"@type\":\"SearchAction\",\"target\":\"https:\/\/bfo-ag.de\/?s={search_term_string}\",\"query-input\":\"required name=search_term_string\"}],\"inLanguage\":\"de\"},{\"@type\":\"WebPage\",\"@id\":\"https:\/\/bfo-ag.de\/index.php\/internationales-netzwerk\/#webpage\",\"url\":\"https:\/\/bfo-ag.de\/index.php\/internationales-netzwerk\/\",\"name\":\"Netzwerk &ndash; Bremer Family Office AG\",\"isPartOf\":{\"@id\":\"https:\/\/bfo-ag.de\/#website\"},\"datePublished\":\"2021-05-23T10:51:49+00:00\",\"dateModified\":\"2021-05-23T10:51:49+00:00\",\"description\":\"Bremer Family Office bietet Leistungen im Bereich Finanzplanung, Verm\\u00f6genscontrolling und Immaterielle Vorsorge in Bremen.\",\"breadcrumb\":{\"@id\":\"https:\/\/bfo-ag.de\/index.php\/internationales-netzwerk\/#breadcrumb\"},\"inLanguage\":\"de\",\"potentialAction\":[{\"@type\":\"ReadAction\",\"target\":[\"https:\/\/bfo-ag.de\/index.php\/internationales-netzwerk\/\"]}]},{\"@type\":\"BreadcrumbList\",\"@id\":\"https:\/\/bfo-ag.de\/index.php\/internationales-netzwerk\/#breadcrumb\",\"itemListElement\":[{\"@type\":\"ListItem\",\"position\":1,\"item\":{\"@type\":\"WebPage\",\"@id\":\"https:\/\/bfo-ag.de\/\",\"url\":\"https:\/\/bfo-ag.de\/\",\"name\":\"Startseite\"}},{\"@type\":\"ListItem\",\"position\":2,\"item\":{\"@type\":\"WebPage\",\"@id\":\"https:\/\/bfo-ag.de\/index.php\/internationales-netzwerk\/\",\"url\":\"https:\/\/bfo-ag.de\/index.php\/internationales-netzwerk\/\",\"name\":\"Netzwerk\"}}]}]}<\/script>\n<!-- \/ Yoast SEO plugin. -->","_links":{"self":[{"href":"https:\/\/bfo-ag.de\/index.php\/wp-json\/wp\/v2\/pages\/4440"}],"collection":[{"href":"https:\/\/bfo-ag.de\/index.php\/wp-json\/wp\/v2\/pages"}],"about":[{"href":"https:\/\/bfo-ag.de\/index.php\/wp-json\/wp\/v2\/types\/page"}],"author":[{"embeddable":true,"href":"https:\/\/bfo-ag.de\/index.php\/wp-json\/wp\/v2\/users\/7"}],"replies":[{"embeddable":true,"href":"https:\/\/bfo-ag.de\/index.php\/wp-json\/wp\/v2\/comments?post=4440"}],"version-history":[{"count":3,"href":"https:\/\/bfo-ag.de\/index.php\/wp-json\/wp\/v2\/pages\/4440\/revisions"}],"predecessor-version":[{"id":4443,"href":"https:\/\/bfo-ag.de\/index.php\/wp-json\/wp\/v2\/pages\/4440\/revisions\/4443"}],"wp:attachment":[{"href":"https:\/\/bfo-ag.de\/index.php\/wp-json\/wp\/v2\/media?parent=4440"}],"curies":[{"name":"wp","href":"https:\/\/api.w.org\/{rel}","templated":true}]}}