{"id":4331,"date":"2021-05-03T17:11:31","date_gmt":"2021-05-03T15:11:31","guid":{"rendered":"https:\/\/bfo-ag.de\/?page_id=4331"},"modified":"2024-08-20T22:31:59","modified_gmt":"2024-08-20T20:31:59","slug":"unternehmensberatung","status":"publish","type":"page","link":"https:\/\/bfo-ag.de\/index.php\/leistungen\/unternehmensberatung\/","title":{"rendered":"Unternehmensberatung\/Finanzierungsberatung"},"content":{"rendered":"<p>[vc_row][vc_column width=&#8220;1\/6&#8243;][\/vc_column][vc_column width=&#8220;2\/3&#8243;][vc_custom_heading text=&#8220;Unternehmensberatung\/Finanzierungsberatung&#8220; google_fonts=&#8220;font_family:Roboto%20Condensed%3A300%2C300italic%2Cregular%2Citalic%2C700%2C700italic|font_style:300%20light%20regular%3A300%3Anormal&#8220;][\/vc_column][vc_column width=&#8220;1\/6&#8243;][\/vc_column][\/vc_row][vc_row][vc_column width=&#8220;1\/6&#8243;][\/vc_column][vc_column width=&#8220;2\/3&#8243;][vc_column_text]Sie als Unternehmer stellen sich t\u00e4glich neuen Herausforderungen und Fragestellungen, die Auswirkungen und wesentliche Konsequenzen auf bestehende Vertr\u00e4ge und Rahmenabkommen haben. Manchmal sogar bis zur Unternehmensnachfolge.<\/p>\n<ul>\n<li>Stimmen Ihre Pl\u00e4ne noch mit Ihren bisherigen Zielen \u00fcberein?<\/li>\n<li>Stimmt Ihre Bankenstruktur noch mit Ihren Pl\u00e4nen \u00fcberein?<\/li>\n<li>Haben Sie zus\u00e4tzlichen Finanzierungsbedarf?<\/li>\n<\/ul>\n<p>Wir begleiten Sie auf der Suche nach geeigneteren Finanzierungsm\u00f6glichkeiten in unserem Netzwerk.[\/vc_column_text][\/vc_column][vc_column width=&#8220;1\/6&#8243;][\/vc_column][\/vc_row]<\/p>\n","protected":false},"excerpt":{"rendered":"<p>[vc_row][vc_column width=&#8220;1\/6&#8243;][\/vc_column][vc_column width=&#8220;2\/3&#8243;][vc_custom_heading text=&#8220;Unternehmensberatung\/Finanzierungsberatung&#8220; google_fonts=&#8220;font_family:Roboto%20Condensed%3A300%2C300italic%2Cregular%2Citalic%2C700%2C700italic|font_style:300%20light%20regular%3A300%3Anormal&#8220;][\/vc_column][vc_column width=&#8220;1\/6&#8243;][\/vc_column][\/vc_row][vc_row][vc_column width=&#8220;1\/6&#8243;][\/vc_column][vc_column width=&#8220;2\/3&#8243;][vc_column_text]Sie als Unternehmer stellen sich t\u00e4glich neuen Herausforderungen und Fragestellungen, die Auswirkungen und wesentliche Konsequenzen auf bestehende Vertr\u00e4ge und Rahmenabkommen haben. Manchmal sogar bis zur Unternehmensnachfolge. Stimmen Ihre Pl\u00e4ne noch mit Ihren bisherigen Zielen \u00fcberein? Stimmt Ihre Bankenstruktur noch mit Ihren Pl\u00e4nen \u00fcberein? Haben Sie zus\u00e4tzlichen Finanzierungsbedarf? Wir begleiten Sie auf der Suche&#8230;<\/p>\n","protected":false},"author":7,"featured_media":0,"parent":4057,"menu_order":0,"comment_status":"closed","ping_status":"closed","template":"","meta":[],"yoast_head":"<!-- This site is optimized with the Yoast SEO plugin v16.0.2 - https:\/\/yoast.com\/wordpress\/plugins\/seo\/ -->\n<title>Unternehmensberatung\/Finanzierungsberatung &ndash; Bremer Family Office AG<\/title>\n<meta name=\"description\" content=\"Sie als Unternehmer stellen sich t\u00e4glich neuen Herausforderungen und Fragestellungen. &ndash; Unternehmensberatung\/Finanzierungsberatung\" \/>\n<link rel=\"canonical\" href=\"https:\/\/bfo-ag.de\/index.php\/leistungen\/unternehmensberatung\/\" \/>\n<meta property=\"og:locale\" content=\"de_DE\" \/>\n<meta property=\"og:type\" content=\"article\" \/>\n<meta property=\"og:title\" content=\"Unternehmensberatung\/Finanzierungsberatung &ndash; Bremer Family Office AG\" \/>\n<meta property=\"og:description\" content=\"Sie als Unternehmer stellen sich t\u00e4glich neuen Herausforderungen und Fragestellungen. &ndash; Unternehmensberatung\/Finanzierungsberatung\" \/>\n<meta property=\"og:url\" content=\"https:\/\/bfo-ag.de\/index.php\/leistungen\/unternehmensberatung\/\" \/>\n<meta property=\"og:site_name\" content=\"Bremer Family Office AG\" \/>\n<meta property=\"article:modified_time\" content=\"2024-08-20T20:31:59+00:00\" \/>\n<meta name=\"twitter:card\" content=\"summary\" \/>\n<meta name=\"twitter:label1\" content=\"Gesch\u00e4tzte Lesezeit\">\n\t<meta name=\"twitter:data1\" content=\"1\u00a0Minute\">\n<script type=\"application\/ld+json\" class=\"yoast-schema-graph\">{\"@context\":\"https:\/\/schema.org\",\"@graph\":[{\"@type\":\"WebSite\",\"@id\":\"https:\/\/bfo-ag.de\/#website\",\"url\":\"https:\/\/bfo-ag.de\/\",\"name\":\"Bremer Family Office AG\",\"description\":\"Ihr Partner f\\u00fcr\",\"potentialAction\":[{\"@type\":\"SearchAction\",\"target\":\"https:\/\/bfo-ag.de\/?s={search_term_string}\",\"query-input\":\"required name=search_term_string\"}],\"inLanguage\":\"de\"},{\"@type\":\"WebPage\",\"@id\":\"https:\/\/bfo-ag.de\/index.php\/leistungen\/unternehmensberatung\/#webpage\",\"url\":\"https:\/\/bfo-ag.de\/index.php\/leistungen\/unternehmensberatung\/\",\"name\":\"Unternehmensberatung\/Finanzierungsberatung &ndash; Bremer Family Office AG\",\"isPartOf\":{\"@id\":\"https:\/\/bfo-ag.de\/#website\"},\"datePublished\":\"2021-05-03T15:11:31+00:00\",\"dateModified\":\"2024-08-20T20:31:59+00:00\",\"description\":\"Sie als Unternehmer stellen sich t\\u00e4glich neuen Herausforderungen und Fragestellungen. &ndash; Unternehmensberatung\/Finanzierungsberatung\",\"breadcrumb\":{\"@id\":\"https:\/\/bfo-ag.de\/index.php\/leistungen\/unternehmensberatung\/#breadcrumb\"},\"inLanguage\":\"de\",\"potentialAction\":[{\"@type\":\"ReadAction\",\"target\":[\"https:\/\/bfo-ag.de\/index.php\/leistungen\/unternehmensberatung\/\"]}]},{\"@type\":\"BreadcrumbList\",\"@id\":\"https:\/\/bfo-ag.de\/index.php\/leistungen\/unternehmensberatung\/#breadcrumb\",\"itemListElement\":[{\"@type\":\"ListItem\",\"position\":1,\"item\":{\"@type\":\"WebPage\",\"@id\":\"https:\/\/bfo-ag.de\/\",\"url\":\"https:\/\/bfo-ag.de\/\",\"name\":\"Startseite\"}},{\"@type\":\"ListItem\",\"position\":2,\"item\":{\"@type\":\"WebPage\",\"@id\":\"https:\/\/bfo-ag.de\/index.php\/leistungen\/\",\"url\":\"https:\/\/bfo-ag.de\/index.php\/leistungen\/\",\"name\":\"Leistungen\"}},{\"@type\":\"ListItem\",\"position\":3,\"item\":{\"@type\":\"WebPage\",\"@id\":\"https:\/\/bfo-ag.de\/index.php\/leistungen\/unternehmensberatung\/\",\"url\":\"https:\/\/bfo-ag.de\/index.php\/leistungen\/unternehmensberatung\/\",\"name\":\"Unternehmensberatung\/Finanzierungsberatung\"}}]}]}<\/script>\n<!-- \/ Yoast SEO plugin. -->","_links":{"self":[{"href":"https:\/\/bfo-ag.de\/index.php\/wp-json\/wp\/v2\/pages\/4331"}],"collection":[{"href":"https:\/\/bfo-ag.de\/index.php\/wp-json\/wp\/v2\/pages"}],"about":[{"href":"https:\/\/bfo-ag.de\/index.php\/wp-json\/wp\/v2\/types\/page"}],"author":[{"embeddable":true,"href":"https:\/\/bfo-ag.de\/index.php\/wp-json\/wp\/v2\/users\/7"}],"replies":[{"embeddable":true,"href":"https:\/\/bfo-ag.de\/index.php\/wp-json\/wp\/v2\/comments?post=4331"}],"version-history":[{"count":4,"href":"https:\/\/bfo-ag.de\/index.php\/wp-json\/wp\/v2\/pages\/4331\/revisions"}],"predecessor-version":[{"id":4550,"href":"https:\/\/bfo-ag.de\/index.php\/wp-json\/wp\/v2\/pages\/4331\/revisions\/4550"}],"up":[{"embeddable":true,"href":"https:\/\/bfo-ag.de\/index.php\/wp-json\/wp\/v2\/pages\/4057"}],"wp:attachment":[{"href":"https:\/\/bfo-ag.de\/index.php\/wp-json\/wp\/v2\/media?parent=4331"}],"curies":[{"name":"wp","href":"https:\/\/api.w.org\/{rel}","templated":true}]}}