{"id":4324,"date":"2021-05-03T16:46:35","date_gmt":"2021-05-03T14:46:35","guid":{"rendered":"https:\/\/bfo-ag.de\/?page_id=4324"},"modified":"2021-05-17T19:36:42","modified_gmt":"2021-05-17T17:36:42","slug":"nachfolgeberatung","status":"publish","type":"page","link":"https:\/\/bfo-ag.de\/index.php\/leistungen\/nachfolgeberatung\/","title":{"rendered":"Nachfolgeberatung"},"content":{"rendered":"<p>[vc_row][vc_column width=&#8220;1\/6&#8243;][\/vc_column][vc_column width=&#8220;2\/3&#8243;][vc_custom_heading text=&#8220;Nachfolgeberatung&#8220; google_fonts=&#8220;font_family:Roboto%20Condensed%3A300%2C300italic%2Cregular%2Citalic%2C700%2C700italic|font_style:300%20light%20regular%3A300%3Anormal&#8220;][\/vc_column][vc_column width=&#8220;1\/6&#8243;][\/vc_column][\/vc_row][vc_row][vc_column width=&#8220;1\/6&#8243;][\/vc_column][vc_column width=&#8220;2\/3&#8243;][vc_column_text]Nachfolgeberatung ist eine komplexe und sehr pers\u00f6nliche Consulting-Dienstleistung. Sie befasst sich mit der Nachfolge des Gr\u00fcnders oder gesch\u00e4ftsf\u00fchrenden Unternehmers insbesondere in mittelst\u00e4ndischen Unternehmen. Ziel ist die Absicherung der qualifizierten Leitungsnachfolge und die Organisation des Generationenwechsels.<\/p>\n<p>Wir arbeiten f\u00fcr Sie mit Experten aus der Rechts- und Steuerberatung sowie Wirtschaftspr\u00fcfung zusammen. Diese pr\u00fcfen erbschafts- und ertragsrechtliche Folgen des Generationenwechsels\u00a0 und unterst\u00fctzen\u00a0 damit den Prozess der Umsetzung Ihrer strategischen Pl\u00e4ne\u00a0 der organisatorischen Neugestaltung.[\/vc_column_text][\/vc_column][vc_column width=&#8220;1\/6&#8243;][\/vc_column][\/vc_row]<\/p>\n","protected":false},"excerpt":{"rendered":"<p>[vc_row][vc_column width=&#8220;1\/6&#8243;][\/vc_column][vc_column width=&#8220;2\/3&#8243;][vc_custom_heading text=&#8220;Nachfolgeberatung&#8220; google_fonts=&#8220;font_family:Roboto%20Condensed%3A300%2C300italic%2Cregular%2Citalic%2C700%2C700italic|font_style:300%20light%20regular%3A300%3Anormal&#8220;][\/vc_column][vc_column width=&#8220;1\/6&#8243;][\/vc_column][\/vc_row][vc_row][vc_column width=&#8220;1\/6&#8243;][\/vc_column][vc_column width=&#8220;2\/3&#8243;][vc_column_text]Nachfolgeberatung ist eine komplexe und sehr pers\u00f6nliche Consulting-Dienstleistung. Sie befasst sich mit der Nachfolge des Gr\u00fcnders oder gesch\u00e4ftsf\u00fchrenden Unternehmers insbesondere in mittelst\u00e4ndischen Unternehmen. Ziel ist die Absicherung der qualifizierten Leitungsnachfolge und die Organisation des Generationenwechsels. Wir arbeiten f\u00fcr Sie mit Experten aus der Rechts- und Steuerberatung sowie Wirtschaftspr\u00fcfung zusammen. Diese pr\u00fcfen erbschafts- und&#8230;<\/p>\n","protected":false},"author":7,"featured_media":0,"parent":4057,"menu_order":0,"comment_status":"closed","ping_status":"closed","template":"","meta":[],"yoast_head":"<!-- This site is optimized with the Yoast SEO plugin v16.0.2 - https:\/\/yoast.com\/wordpress\/plugins\/seo\/ -->\n<title>Nachfolgeberatung &ndash; Bremer Family Office AG<\/title>\n<meta name=\"description\" content=\"Ziel ist die Absicherung der qualifizierten Leitungsnachfolge und die Organisation des Generationenwechsels. &ndash; Nachfolgeberatung\" \/>\n<link rel=\"canonical\" href=\"https:\/\/bfo-ag.de\/index.php\/leistungen\/nachfolgeberatung\/\" \/>\n<meta property=\"og:locale\" content=\"de_DE\" \/>\n<meta property=\"og:type\" content=\"article\" \/>\n<meta property=\"og:title\" content=\"Nachfolgeberatung &ndash; Bremer Family Office AG\" \/>\n<meta property=\"og:description\" content=\"Ziel ist die Absicherung der qualifizierten Leitungsnachfolge und die Organisation des Generationenwechsels. &ndash; Nachfolgeberatung\" \/>\n<meta property=\"og:url\" content=\"https:\/\/bfo-ag.de\/index.php\/leistungen\/nachfolgeberatung\/\" \/>\n<meta property=\"og:site_name\" content=\"Bremer Family Office AG\" \/>\n<meta property=\"article:modified_time\" content=\"2021-05-17T17:36:42+00:00\" \/>\n<meta name=\"twitter:card\" content=\"summary\" \/>\n<meta name=\"twitter:label1\" content=\"Gesch\u00e4tzte Lesezeit\">\n\t<meta name=\"twitter:data1\" content=\"1\u00a0Minute\">\n<script type=\"application\/ld+json\" class=\"yoast-schema-graph\">{\"@context\":\"https:\/\/schema.org\",\"@graph\":[{\"@type\":\"WebSite\",\"@id\":\"https:\/\/bfo-ag.de\/#website\",\"url\":\"https:\/\/bfo-ag.de\/\",\"name\":\"Bremer Family Office AG\",\"description\":\"Ihr Partner f\\u00fcr\",\"potentialAction\":[{\"@type\":\"SearchAction\",\"target\":\"https:\/\/bfo-ag.de\/?s={search_term_string}\",\"query-input\":\"required name=search_term_string\"}],\"inLanguage\":\"de\"},{\"@type\":\"WebPage\",\"@id\":\"https:\/\/bfo-ag.de\/index.php\/leistungen\/nachfolgeberatung\/#webpage\",\"url\":\"https:\/\/bfo-ag.de\/index.php\/leistungen\/nachfolgeberatung\/\",\"name\":\"Nachfolgeberatung &ndash; Bremer Family Office AG\",\"isPartOf\":{\"@id\":\"https:\/\/bfo-ag.de\/#website\"},\"datePublished\":\"2021-05-03T14:46:35+00:00\",\"dateModified\":\"2021-05-17T17:36:42+00:00\",\"description\":\"Ziel ist die Absicherung der qualifizierten Leitungsnachfolge und die Organisation des Generationenwechsels. &ndash; Nachfolgeberatung\",\"breadcrumb\":{\"@id\":\"https:\/\/bfo-ag.de\/index.php\/leistungen\/nachfolgeberatung\/#breadcrumb\"},\"inLanguage\":\"de\",\"potentialAction\":[{\"@type\":\"ReadAction\",\"target\":[\"https:\/\/bfo-ag.de\/index.php\/leistungen\/nachfolgeberatung\/\"]}]},{\"@type\":\"BreadcrumbList\",\"@id\":\"https:\/\/bfo-ag.de\/index.php\/leistungen\/nachfolgeberatung\/#breadcrumb\",\"itemListElement\":[{\"@type\":\"ListItem\",\"position\":1,\"item\":{\"@type\":\"WebPage\",\"@id\":\"https:\/\/bfo-ag.de\/\",\"url\":\"https:\/\/bfo-ag.de\/\",\"name\":\"Startseite\"}},{\"@type\":\"ListItem\",\"position\":2,\"item\":{\"@type\":\"WebPage\",\"@id\":\"https:\/\/bfo-ag.de\/index.php\/leistungen\/\",\"url\":\"https:\/\/bfo-ag.de\/index.php\/leistungen\/\",\"name\":\"Leistungen\"}},{\"@type\":\"ListItem\",\"position\":3,\"item\":{\"@type\":\"WebPage\",\"@id\":\"https:\/\/bfo-ag.de\/index.php\/leistungen\/nachfolgeberatung\/\",\"url\":\"https:\/\/bfo-ag.de\/index.php\/leistungen\/nachfolgeberatung\/\",\"name\":\"Nachfolgeberatung\"}}]}]}<\/script>\n<!-- \/ Yoast SEO plugin. -->","_links":{"self":[{"href":"https:\/\/bfo-ag.de\/index.php\/wp-json\/wp\/v2\/pages\/4324"}],"collection":[{"href":"https:\/\/bfo-ag.de\/index.php\/wp-json\/wp\/v2\/pages"}],"about":[{"href":"https:\/\/bfo-ag.de\/index.php\/wp-json\/wp\/v2\/types\/page"}],"author":[{"embeddable":true,"href":"https:\/\/bfo-ag.de\/index.php\/wp-json\/wp\/v2\/users\/7"}],"replies":[{"embeddable":true,"href":"https:\/\/bfo-ag.de\/index.php\/wp-json\/wp\/v2\/comments?post=4324"}],"version-history":[{"count":4,"href":"https:\/\/bfo-ag.de\/index.php\/wp-json\/wp\/v2\/pages\/4324\/revisions"}],"predecessor-version":[{"id":4337,"href":"https:\/\/bfo-ag.de\/index.php\/wp-json\/wp\/v2\/pages\/4324\/revisions\/4337"}],"up":[{"embeddable":true,"href":"https:\/\/bfo-ag.de\/index.php\/wp-json\/wp\/v2\/pages\/4057"}],"wp:attachment":[{"href":"https:\/\/bfo-ag.de\/index.php\/wp-json\/wp\/v2\/media?parent=4324"}],"curies":[{"name":"wp","href":"https:\/\/api.w.org\/{rel}","templated":true}]}}