{"id":4057,"date":"2016-12-20T16:54:18","date_gmt":"2016-12-20T15:54:18","guid":{"rendered":"http:\/\/bfo-ag.de\/?page_id=4057"},"modified":"2021-05-24T20:53:30","modified_gmt":"2021-05-24T18:53:30","slug":"leistungen","status":"publish","type":"page","link":"https:\/\/bfo-ag.de\/index.php\/leistungen\/","title":{"rendered":"Leistungen"},"content":{"rendered":"<p>[vc_row][vc_column][vc_custom_heading text=&#8220;Leistungen&#8220; font_container=&#8220;tag:h2|text_align:center&#8220; google_fonts=&#8220;font_family:Roboto%20Condensed%3A300%2C300italic%2Cregular%2Citalic%2C700%2C700italic|font_style:300%20light%20regular%3A300%3Anormal&#8220;][\/vc_column][\/vc_row][vc_row][vc_column][vc_column_text]<\/p>\n<p style=\"text-align: center;\">Hier finden Sie die Leistungen der Bremer Family Office AG<\/p>\n<p>[\/vc_column_text][\/vc_column][\/vc_row][vc_row][vc_column][vc_column_text]<\/p>\n<p>[\/vc_column_text][\/vc_column][\/vc_row][vc_row center_row=&#8220;yes&#8220; el_id=&#8220;section-about&#8220;][vc_column width=&#8220;1\/3&#8243;]<div class=\"zozo-feature-box feature-box-style style-info-box style-box-without-bg style-sep-yes  wpb_animate_when_almost_visible wpb_left-to-right clearfix\" id=\"feature-box-1\"><div class=\"grid-item\"><div class=\"grid-box-inner grid-text-left grid-box-image grid-shape-none\"><div class=\"grid-image-wrapper zozo-image-wrapper img-none\"><a href=\"https:\/\/bfo-ag.de\/index.php\/leistungen\/finanzplanung\/\" title=\"Finanzplanung \u2013 Bremer Family Office AG\" target=\"_self\"><img width=\"500\" height=\"320\" src=\"https:\/\/bfo-ag.de\/wp-content\/uploads\/2021\/05\/AdobeStock_402829176-500x320.jpg\" class=\"img-none attachment-aven-theme-mid\" alt=\"Finanzplanung bei der Bremer Family Office AG\" loading=\"lazy\" \/><\/a><\/div><div class=\"grid-content-wrapper\"><h4 class=\"grid-title \" >Finanzplanung<\/h4><div class=\"grid-desc\" ><p>Bei unserer Finanzplanung geht es zun\u00e4chst um die Analyse der vorhandenen Verm\u00f6genswerte und -strukturen. Wir pr\u00fcfen bestehende Finanzprodukte, Immobilien, Finanzierungen sowie Versicherungen&#8230;<\/p>\n<\/div><div class=\"grid-button\"><a href=\"http:\/\/bfo-ag.de\/index.php\/leistungen\/finanzplanung\/\" title=\"\" target=\"_self\">mehr erfahren<\/a><\/div><\/div><\/div><\/div><\/div>[\/vc_column][vc_column width=&#8220;1\/3&#8243;]<div class=\"zozo-feature-box feature-box-style style-info-box style-box-without-bg style-sep-yes  wpb_animate_when_almost_visible wpb_bottom-to-top clearfix\" id=\"feature-box-2\"><div class=\"grid-item\"><div class=\"grid-box-inner grid-text-left grid-box-image grid-shape-none\"><div class=\"grid-image-wrapper zozo-image-wrapper img-none\"><a href=\"https:\/\/bfo-ag.de\/index.php\/leistungen\/vermoegenscontrolling\/\" title=\"Verm\u00f6genscontrolling\" target=\"_self\"><img width=\"500\" height=\"320\" src=\"https:\/\/bfo-ag.de\/wp-content\/uploads\/2021\/05\/AdobeStock_374171040-500x320.jpg\" class=\"img-none attachment-aven-theme-mid\" alt=\"Verm\u00f6genscontrolling\" loading=\"lazy\" \/><\/a><\/div><div class=\"grid-content-wrapper\"><h4 class=\"grid-title \" >Verm\u00f6genscontrolling<\/h4><div class=\"grid-desc\" ><p>Hier steht Transparenz im Vordergrund. Wir f\u00fchren Bestands- und Entwicklungsanalysen durch, pr\u00fcfen die Diversifikation des Verm\u00f6gens, beurteilen Rendite- und Risikoverh\u00e4ltnisse sowie Fragen der Kosten- und Marktgerechtigkeit&#8230;<\/p>\n<\/div><div class=\"grid-button\"><a href=\"http:\/\/bfo-ag.de\/index.php\/leistungen\/vermoegenscontrolling\/\" title=\"\" target=\"_self\">mehr erfahren<\/a><\/div><\/div><\/div><\/div><\/div>[\/vc_column][vc_column width=&#8220;1\/3&#8243;]<div class=\"zozo-feature-box feature-box-style style-info-box style-box-without-bg style-sep-yes  wpb_animate_when_almost_visible wpb_right-to-left clearfix\" id=\"feature-box-3\"><div class=\"grid-item\"><div class=\"grid-box-inner grid-text-left grid-box-image grid-shape-none\"><div class=\"grid-image-wrapper zozo-image-wrapper img-none\"><a href=\"https:\/\/bfo-ag.de\/index.php\/leistungen\/immaterielle-vorsorge\/\" title=\"Immaterielle Vorsorge\" target=\"_self\"><img width=\"500\" height=\"320\" src=\"https:\/\/bfo-ag.de\/wp-content\/uploads\/2021\/05\/AdobeStock_383161303-500x320.jpeg\" class=\"img-none attachment-aven-theme-mid\" alt=\"\" loading=\"lazy\" \/><\/a><\/div><div class=\"grid-content-wrapper\"><h4 class=\"grid-title \" >Immaterielle Vorsorge<\/h4><div class=\"grid-desc\" ><p>Nach eigenen Vorstellungen \u00fcber geschaffene Werte zu verf\u00fcgen bedeutet, sich Gedanken zu machen \u00fcber bisherige aber auch zuk\u00fcnftige verm\u00f6gensrechtliche Verf\u00fcgungen. Wir beraten bei der aktiven Herangehensweise&#8230;<\/p>\n<\/div><div class=\"grid-button\"><a href=\"http:\/\/bfo-ag.de\/index.php\/leistungen\/immaterielle-vorsorge\/\" title=\"\" target=\"_self\">mehr erfahren<\/a><\/div><\/div><\/div><\/div><\/div>[\/vc_column][\/vc_row][vc_row center_row=&#8220;yes&#8220;][vc_column width=&#8220;1\/3&#8243;]<div class=\"zozo-feature-box feature-box-style style-info-box style-box-without-bg style-sep-yes  wpb_animate_when_almost_visible wpb_left-to-right clearfix\" id=\"feature-box-4\"><div class=\"grid-item\"><div class=\"grid-box-inner grid-text-left grid-box-image grid-shape-none\"><div class=\"grid-image-wrapper zozo-image-wrapper img-none\"><a href=\"https:\/\/bfo-ag.de\/index.php\/leistungen\/nachfolgeberatung\/\" title=\"Nachfolgeberatung\" target=\"_self\"><img width=\"500\" height=\"320\" src=\"https:\/\/bfo-ag.de\/wp-content\/uploads\/2021\/05\/Nachfolgeberatung-500x320.jpg\" class=\"img-none attachment-aven-theme-mid\" alt=\"\" loading=\"lazy\" \/><\/a><\/div><div class=\"grid-content-wrapper\"><h4 class=\"grid-title \" >Nachfolgeberatung<\/h4><div class=\"grid-desc\" ><div class=\"page\" title=\"Page 10\">\n<div class=\"section\">\n<div class=\"layoutArea\">\n<div class=\"column\">\n<p>Nachfolgeberatung ist eine komplexe und sehr pers\u00f6nliche Consulting-Dienstleistung. Sie befasst sich mit der Nachfolge des Gr\u00fcnders oder gesch\u00e4ftsf\u00fchrenden Unternehmers insbesondere in mittelst\u00e4ndischen Unternehmen&#8230;<\/p>\n<\/div>\n<\/div>\n<\/div>\n<\/div>\n<\/div><div class=\"grid-button\"><a href=\"http:\/\/bfo-ag.de\/index.php\/leistungen\/finanzplanung\/\" title=\"\" target=\"_self\">mehr erfahren<\/a><\/div><\/div><\/div><\/div><\/div>[\/vc_column][vc_column width=&#8220;1\/3&#8243;]<div class=\"zozo-feature-box feature-box-style style-info-box style-box-without-bg style-sep-yes  wpb_animate_when_almost_visible wpb_bottom-to-top clearfix\" id=\"feature-box-5\"><div class=\"grid-item\"><div class=\"grid-box-inner grid-text-left grid-box-image grid-shape-none\"><div class=\"grid-image-wrapper zozo-image-wrapper img-none\"><a href=\"https:\/\/bfo-ag.de\/index.php\/leistungen\/unternehmensberatung\/\" title=\"Unternehmensberatung\/Finanzierungsberatung\" target=\"_self\"><img width=\"500\" height=\"320\" src=\"https:\/\/bfo-ag.de\/wp-content\/uploads\/2021\/05\/AdobeStock_207500565-500x320.jpg\" class=\"img-none attachment-aven-theme-mid\" alt=\"Unternehmensberatung\/ Stiftungsberatung Finanzierungsberatung bei der Bfo\/ Stiftungsberatung Finanzierungsberatung\" loading=\"lazy\" \/><\/a><\/div><div class=\"grid-content-wrapper\"><h4 class=\"grid-title \" >Unternehmensberatung\/ Finanzierungsberatung<\/h4><div class=\"grid-desc\" ><div class=\"page\" title=\"Page 11\">\n<div class=\"section\">\n<div class=\"layoutArea\">\n<div class=\"column\">\n<p>Sie als Unternehmer stellen sich t\u00e4glich neuen Herausforderungen und Fragestellungen, die Auswirkungen und wesentliche Konsequenzen auf bestehende Vertr\u00e4ge und Rahmenabkommen haben&#8230;<\/p>\n<\/div>\n<\/div>\n<\/div>\n<\/div>\n<\/div><div class=\"grid-button\"><a href=\"https:\/\/bfo-ag.de\/index.php\/leistungen\/unternehmensberatung\/\" title=\"Unternehmensberatung\/Finanzierungsberatung\" target=\"_self\">mehr erfahren<\/a><\/div><\/div><\/div><\/div><\/div>[\/vc_column][vc_column width=&#8220;1\/3&#8243;]<div class=\"zozo-feature-box feature-box-style style-info-box style-box-without-bg style-sep-yes  wpb_animate_when_almost_visible wpb_right-to-left clearfix\" id=\"feature-box-6\"><div class=\"grid-item\"><div class=\"grid-box-inner grid-text-left grid-box-image grid-shape-none\"><div class=\"grid-image-wrapper zozo-image-wrapper img-none\"><a href=\"https:\/\/bfo-ag.de\/index.php\/leistungen\/stiftungsberatung\/\" title=\"Stiftungsberatung\" target=\"_self\"><img width=\"500\" height=\"320\" src=\"https:\/\/bfo-ag.de\/wp-content\/uploads\/2021\/05\/AdobeStock_209117978-500x320.jpg\" class=\"img-none attachment-aven-theme-mid\" alt=\"Stiftungsberatung bei der Bremer Family Office AG\" loading=\"lazy\" \/><\/a><\/div><div class=\"grid-content-wrapper\"><h4 class=\"grid-title \" >Stiftungsberatung<\/h4><div class=\"grid-desc\" ><div class=\"page\" title=\"Page 12\">\n<div class=\"section\">\n<div class=\"layoutArea\">\n<div class=\"column\">\n<p>Mit einer Stiftung schaffen Sie eine Einrichtung, die Jahrzehnte, vielleicht sogar Jahrhunderte \u00fcberdauern wird und soll. Umso wichtiger f\u00fcr Sie ist es, von Anfang an die richtigen Grundlagen f\u00fcr die \u201eUnternehmung\u201c Stiftung zu schaffen&#8230;<\/p>\n<\/div>\n<\/div>\n<\/div>\n<\/div>\n<\/div><div class=\"grid-button\"><a href=\"https:\/\/bfo-ag.de\/index.php\/leistungen\/stiftungsberatung\/\" title=\"Stiftungsberatung\" target=\"_self\">mehr erfahren<\/a><\/div><\/div><\/div><\/div><\/div>[\/vc_column][\/vc_row]<\/p>\n","protected":false},"excerpt":{"rendered":"<p>[vc_row][vc_column][vc_custom_heading text=&#8220;Leistungen&#8220; font_container=&#8220;tag:h2|text_align:center&#8220; google_fonts=&#8220;font_family:Roboto%20Condensed%3A300%2C300italic%2Cregular%2Citalic%2C700%2C700italic|font_style:300%20light%20regular%3A300%3Anormal&#8220;][\/vc_column][\/vc_row][vc_row][vc_column][vc_column_text] Hier finden Sie die Leistungen der Bremer Family Office AG [\/vc_column_text][\/vc_column][\/vc_row][vc_row][vc_column][vc_column_text] [\/vc_column_text][\/vc_column][\/vc_row][vc_row center_row=&#8220;yes&#8220; el_id=&#8220;section-about&#8220;][vc_column width=&#8220;1\/3&#8243;][\/vc_column][vc_column width=&#8220;1\/3&#8243;][\/vc_column][vc_column width=&#8220;1\/3&#8243;][\/vc_column][\/vc_row][vc_row center_row=&#8220;yes&#8220;][vc_column width=&#8220;1\/3&#8243;][\/vc_column][vc_column width=&#8220;1\/3&#8243;][\/vc_column][vc_column width=&#8220;1\/3&#8243;][\/vc_column][\/vc_row]<\/p>\n","protected":false},"author":2,"featured_media":0,"parent":0,"menu_order":0,"comment_status":"closed","ping_status":"closed","template":"","meta":[],"yoast_head":"<!-- This site is optimized with the Yoast SEO plugin v16.0.2 - https:\/\/yoast.com\/wordpress\/plugins\/seo\/ -->\n<title>Leistungen &ndash; Bremer Family Office AG<\/title>\n<meta name=\"description\" content=\"Bremer Family Office bietet Leistungen im Bereich Finanzplanung, Verm\u00f6genscontrolling und Immaterielle Vorsorge in Bremen.\" \/>\n<link rel=\"canonical\" href=\"https:\/\/bfo-ag.de\/index.php\/leistungen\/\" \/>\n<meta property=\"og:locale\" content=\"de_DE\" \/>\n<meta property=\"og:type\" content=\"article\" \/>\n<meta property=\"og:title\" content=\"Leistungen &ndash; Bremer Family Office AG\" \/>\n<meta property=\"og:description\" content=\"Bremer Family Office bietet Leistungen im Bereich Finanzplanung, Verm\u00f6genscontrolling und Immaterielle Vorsorge in Bremen.\" \/>\n<meta property=\"og:url\" content=\"https:\/\/bfo-ag.de\/index.php\/leistungen\/\" \/>\n<meta property=\"og:site_name\" content=\"Bremer Family Office AG\" \/>\n<meta property=\"article:modified_time\" content=\"2021-05-24T18:53:30+00:00\" \/>\n<meta name=\"twitter:card\" content=\"summary\" \/>\n<meta name=\"twitter:label1\" content=\"Gesch\u00e4tzte Lesezeit\">\n\t<meta name=\"twitter:data1\" content=\"2\u00a0Minuten\">\n<script type=\"application\/ld+json\" class=\"yoast-schema-graph\">{\"@context\":\"https:\/\/schema.org\",\"@graph\":[{\"@type\":\"WebSite\",\"@id\":\"https:\/\/bfo-ag.de\/#website\",\"url\":\"https:\/\/bfo-ag.de\/\",\"name\":\"Bremer Family Office AG\",\"description\":\"Ihr Partner f\\u00fcr\",\"potentialAction\":[{\"@type\":\"SearchAction\",\"target\":\"https:\/\/bfo-ag.de\/?s={search_term_string}\",\"query-input\":\"required name=search_term_string\"}],\"inLanguage\":\"de\"},{\"@type\":\"WebPage\",\"@id\":\"https:\/\/bfo-ag.de\/index.php\/leistungen\/#webpage\",\"url\":\"https:\/\/bfo-ag.de\/index.php\/leistungen\/\",\"name\":\"Leistungen &ndash; Bremer Family Office AG\",\"isPartOf\":{\"@id\":\"https:\/\/bfo-ag.de\/#website\"},\"datePublished\":\"2016-12-20T15:54:18+00:00\",\"dateModified\":\"2021-05-24T18:53:30+00:00\",\"description\":\"Bremer Family Office bietet Leistungen im Bereich Finanzplanung, Verm\\u00f6genscontrolling und Immaterielle Vorsorge in Bremen.\",\"breadcrumb\":{\"@id\":\"https:\/\/bfo-ag.de\/index.php\/leistungen\/#breadcrumb\"},\"inLanguage\":\"de\",\"potentialAction\":[{\"@type\":\"ReadAction\",\"target\":[\"https:\/\/bfo-ag.de\/index.php\/leistungen\/\"]}]},{\"@type\":\"BreadcrumbList\",\"@id\":\"https:\/\/bfo-ag.de\/index.php\/leistungen\/#breadcrumb\",\"itemListElement\":[{\"@type\":\"ListItem\",\"position\":1,\"item\":{\"@type\":\"WebPage\",\"@id\":\"https:\/\/bfo-ag.de\/\",\"url\":\"https:\/\/bfo-ag.de\/\",\"name\":\"Startseite\"}},{\"@type\":\"ListItem\",\"position\":2,\"item\":{\"@type\":\"WebPage\",\"@id\":\"https:\/\/bfo-ag.de\/index.php\/leistungen\/\",\"url\":\"https:\/\/bfo-ag.de\/index.php\/leistungen\/\",\"name\":\"Leistungen\"}}]}]}<\/script>\n<!-- \/ Yoast SEO plugin. -->","_links":{"self":[{"href":"https:\/\/bfo-ag.de\/index.php\/wp-json\/wp\/v2\/pages\/4057"}],"collection":[{"href":"https:\/\/bfo-ag.de\/index.php\/wp-json\/wp\/v2\/pages"}],"about":[{"href":"https:\/\/bfo-ag.de\/index.php\/wp-json\/wp\/v2\/types\/page"}],"author":[{"embeddable":true,"href":"https:\/\/bfo-ag.de\/index.php\/wp-json\/wp\/v2\/users\/2"}],"replies":[{"embeddable":true,"href":"https:\/\/bfo-ag.de\/index.php\/wp-json\/wp\/v2\/comments?post=4057"}],"version-history":[{"count":24,"href":"https:\/\/bfo-ag.de\/index.php\/wp-json\/wp\/v2\/pages\/4057\/revisions"}],"predecessor-version":[{"id":4449,"href":"https:\/\/bfo-ag.de\/index.php\/wp-json\/wp\/v2\/pages\/4057\/revisions\/4449"}],"wp:attachment":[{"href":"https:\/\/bfo-ag.de\/index.php\/wp-json\/wp\/v2\/media?parent=4057"}],"curies":[{"name":"wp","href":"https:\/\/api.w.org\/{rel}","templated":true}]}}