{"id":3209,"date":"2016-05-26T11:10:01","date_gmt":"2016-05-26T11:10:01","guid":{"rendered":"http:\/\/themes.zozothemes.com\/aven\/?page_id=3209"},"modified":"2024-08-20T21:22:45","modified_gmt":"2024-08-20T19:22:45","slug":"bremer-familiy-office-finanzdienstleistung-in-bremen","status":"publish","type":"page","link":"https:\/\/bfo-ag.de\/","title":{"rendered":"Bremer Familiy Office &#8211; Finanzberatung in Bremen"},"content":{"rendered":"<p>[vc_section full_height=&#8220;yes&#8220;][vc_row][vc_column width=&#8220;1\/4&#8243;][vc_single_image image=&#8220;4540&#8243; img_size=&#8220;full&#8220; alignment=&#8220;center&#8220; style=&#8220;vc_box_rounded&#8220; onclick=&#8220;custom_link&#8220; link=&#8220;https:\/\/bfo-ag.de\/index.php\/vita\/&#8220;][vc_column_text]<\/p>\n<div class=\"page\" title=\"Page 2\">\n<div class=\"section\">\n<div class=\"layoutArea\">\n<div class=\"column\">\n<h6 style=\"text-align: center;\"><a href=\"https:\/\/bfo-ag.de\/index.php\/vita\/\">Wulf-Dietrich Sp\u00f6ring<br \/>\nVorstand<\/a><\/h6>\n<\/div>\n<\/div>\n<\/div>\n<\/div>\n<p style=\"text-align: center;\"><span class=\"vc_description vc_clearfix\">\u00a0<\/span><\/p>\n<p>[\/vc_column_text][\/vc_column][vc_column width=&#8220;1\/4&#8243;][vc_single_image image=&#8220;4521&#8243; img_size=&#8220;full&#8220; alignment=&#8220;center&#8220; style=&#8220;vc_box_rounded&#8220; onclick=&#8220;custom_link&#8220; link=&#8220;https:\/\/bfo-ag.de\/index.php\/vita\/&#8220;][vc_column_text]<\/p>\n<div class=\"page\" title=\"Page 2\">\n<div class=\"section\">\n<div class=\"layoutArea\">\n<div class=\"column\">\n<h6 style=\"text-align: center;\"><a href=\"https:\/\/bfo-ag.de\/index.php\/vita\/\">Thomas Meyer-Vierow<br \/>\nPartner<\/a><\/h6>\n<\/div>\n<\/div>\n<\/div>\n<\/div>\n<p style=\"text-align: center;\"><span class=\"vc_description vc_clearfix\">\u00a0<\/span><\/p>\n<p>[\/vc_column_text][\/vc_column][vc_column width=&#8220;1\/4&#8243;][vc_single_image image=&#8220;4530&#8243; img_size=&#8220;full&#8220; alignment=&#8220;center&#8220; style=&#8220;vc_box_rounded&#8220; onclick=&#8220;custom_link&#8220; link=&#8220;https:\/\/bfo-ag.de\/index.php\/vita\/&#8220;][vc_column_text]<\/p>\n<div class=\"page\" title=\"Page 2\">\n<div class=\"section\">\n<div class=\"layoutArea\">\n<div class=\"column\">\n<h6 style=\"text-align: center;\"><a href=\"https:\/\/bfo-ag.de\/index.php\/vita\/\">Jan-Christoph Heitzhausen<br \/>\nPartner<\/a><\/h6>\n<\/div>\n<\/div>\n<\/div>\n<\/div>\n<p style=\"text-align: center;\"><span class=\"vc_description vc_clearfix\">\u00a0<\/span><\/p>\n<p>[\/vc_column_text][\/vc_column][vc_column width=&#8220;1\/4&#8243;][vc_single_image image=&#8220;4536&#8243; img_size=&#8220;full&#8220; style=&#8220;vc_box_rounded&#8220; onclick=&#8220;custom_link&#8220; link=&#8220;https:\/\/bfo-ag.de\/index.php\/vita\/&#8220;][vc_column_text]<\/p>\n<div class=\"page\" title=\"Page 2\">\n<div class=\"section\">\n<div class=\"layoutArea\">\n<div class=\"column\">\n<h6 style=\"text-align: center;\"><a href=\"https:\/\/bfo-ag.de\/index.php\/vita\/\">Thomas Goldschmidt<br \/>\nVorstandsassistent<\/a><\/h6>\n<\/div>\n<\/div>\n<\/div>\n<\/div>\n<p style=\"text-align: center;\"><span class=\"vc_description vc_clearfix\">\u00a0<\/span><\/p>\n<p>[\/vc_column_text][\/vc_column][\/vc_row][vc_row][vc_column][vc_column_text css=&#8220;.vc_custom_1621261953378{padding-top: 25px !important;}&#8220;]<\/p>\n<div class=\"page\" title=\"Page 2\">\n<div class=\"section\">\n<div class=\"layoutArea\">\n<div class=\"column\">\n<p style=\"text-align: center;\"><strong>Kontakt:<\/strong><\/p>\n<p style=\"text-align: center;\">Bremer Family Office AG Domshof 21<br \/>\nD-28195 Bremen<\/p>\n<p style=\"text-align: center;\">Telefon: +49 421 696 266 66<br \/>\nFax: +49 421 696 266 68 Internet: www.bfo-ag.de E-Mail: info@bfo-ag.de<!--more--><\/p>\n<\/div>\n<\/div>\n<\/div>\n<\/div>\n<p>[\/vc_column_text][vc_btn title=&#8220;Kontaktformular&#8220; align=&#8220;center&#8220; button_block=&#8220;true&#8220; link=&#8220;url:https%3A%2F%2Fbfo-ag.de%2Findex.php%2Fkontakt%2F|title:Kontakt%20%2F%20Anfahrt&#8220;][vc_separator][\/vc_column][\/vc_row][vc_row css=&#8220;.vc_custom_1482243415444{padding-bottom: 75px !important;background-color: #d5cfcf !important;}&#8220;][vc_column width=&#8220;1\/6&#8243;][\/vc_column][vc_column width=&#8220;2\/3&#8243;][vc_column_text]<\/p>\n<h3>\u00dcber die Bremer Family Office AG<\/h3>\n<p>Die Bremer Family Office AG bietet Ihnen als Privatperson, als Unternehmer, als Stiftung oder auch als Unternehmen eine fundierte und vor allen Dingen unabh\u00e4ngige Beratung zu allen finanziellen Fragestellungen.<\/p>\n<ul>\n<li>Wir beraten Sie als Mandant ausschlie\u00dflich individuell und situationsbezogen.<\/li>\n<li>Wir sind in unseren Analysen und Empfehlungen vollkommen unabh\u00e4ngig und unbeeinflu\u00dft von m\u00f6glichen Produktgebern.<\/li>\n<li>Wir beraten grunds\u00e4tzlich auf Honorarbasis.<\/li>\n<li>Von uns ausgehandelte Provisions- oder Konditionsvorteile geben wir direkt an Sie, unseren Mandanten, weiter.<\/li>\n<li>Unsere Beratung basiert auf gegenseitiger Offenheit und Vertrauen. Sie ist auf eine langfristige Zusammenarbeit ausgerichtet.<\/li>\n<\/ul>\n<p>&nbsp;<\/p>\n<p>Die BFO AG ist ein von der Bundesanstalt f\u00fcr Finanzdienstleistungen (BaFin) zugelassenes Wertpapierinstitut. \u00a0Wir verf\u00fcgen nach \u00a7 15 (1) WpIG (Wertpapierinstitutsgesetz) in Verbindung mit \u00a7 2 (2) Satz 3 \u2013 5 WpIG \u00fcber die Erlaubnis zur Erbringung von Anlagevermittlung, Anlageberatung und Abschlu\u00dfvermittlung. Ebenso erf\u00fcllen wir die mit Einf\u00fchrung des Honorar-Anlageberaterregisters der BaFin gem. \u00a7 93 Abs. 1 WpHG (\u00a7 36c Abs. 1 WpHG a. F.) i. V. mit \u00a7 2 Abs. 8 Satz 1 Nr. 10 WpHG dort aufgef\u00fchrten Voraussetzungen und sind der Entsch\u00e4digungseinrichtung der Wertpapierhandelsunternehmen (EdW) zugeordnet.[\/vc_column_text][\/vc_column][vc_column width=&#8220;1\/6&#8243;][\/vc_column][\/vc_row][vc_row][vc_column][vc_custom_heading text=&#8220;Leistungen&#8220; font_container=&#8220;tag:h2|text_align:center&#8220; google_fonts=&#8220;font_family:Roboto%20Condensed%3A300%2C300italic%2Cregular%2Citalic%2C700%2C700italic|font_style:400%20regular%3A400%3Anormal&#8220;][\/vc_column][\/vc_row][vc_row center_row=&#8220;yes&#8220; el_id=&#8220;section-about&#8220;][vc_column width=&#8220;1\/3&#8243;]<div class=\"zozo-feature-box feature-box-style style-info-box style-box-without-bg style-sep-yes  wpb_animate_when_almost_visible wpb_left-to-right clearfix\" id=\"feature-box-1\"><div class=\"grid-item\"><div class=\"grid-box-inner grid-text-left grid-box-image grid-shape-none\"><div class=\"grid-image-wrapper zozo-image-wrapper img-none\"><a href=\"http:\/\/bfo-ag.de\/index.php\/leistungen\/finanzplanung\/\" title=\"\" target=\"_self\"><img width=\"500\" height=\"320\" src=\"https:\/\/bfo-ag.de\/wp-content\/uploads\/2021\/05\/AdobeStock_402829176-500x320.jpg\" class=\"img-none attachment-aven-theme-mid\" alt=\"Finanzplanung bei der Bremer Family Office AG\" loading=\"lazy\" \/><\/a><\/div><div class=\"grid-content-wrapper\"><h4 class=\"grid-title \" >Finanzplanung<\/h4><div class=\"grid-desc\" ><p>Bei unserer Finanzplanung geht es zun\u00e4chst um die Analyse der vorhandenen Verm\u00f6genswerte und -strukturen. Wir pr\u00fcfen bestehende Finanzprodukte, Immobilien, Finanzierungen sowie Versicherungen&#8230;<\/p>\n<\/div><div class=\"grid-button\"><a href=\"http:\/\/bfo-ag.de\/index.php\/leistungen\/finanzplanung\/\" title=\"\" target=\"_self\">mehr erfahren<\/a><\/div><\/div><\/div><\/div><\/div>[\/vc_column][vc_column width=&#8220;1\/3&#8243;]<div class=\"zozo-feature-box feature-box-style style-info-box style-box-without-bg style-sep-yes  wpb_animate_when_almost_visible wpb_bottom-to-top clearfix\" id=\"feature-box-2\"><div class=\"grid-item\"><div class=\"grid-box-inner grid-text-left grid-box-image grid-shape-none\"><div class=\"grid-image-wrapper zozo-image-wrapper img-none\"><a href=\"http:\/\/bfo-ag.de\/index.php\/leistungen\/vermoegenscontrolling\/\" title=\"\" target=\"_self\"><img width=\"500\" height=\"320\" src=\"https:\/\/bfo-ag.de\/wp-content\/uploads\/2021\/05\/AdobeStock_374171040-500x320.jpg\" class=\"img-none attachment-aven-theme-mid\" alt=\"Verm\u00f6genscontrolling\" loading=\"lazy\" \/><\/a><\/div><div class=\"grid-content-wrapper\"><h4 class=\"grid-title \" >Verm\u00f6genscontrolling<\/h4><div class=\"grid-desc\" ><p>Hier steht Transparenz im Vordergrund. Wir f\u00fchren Bestands- und Entwicklungsanalysen durch, pr\u00fcfen die Diversifikation des Verm\u00f6gens, beurteilen Rendite- und Risikoverh\u00e4ltnisse sowie Fragen der Kosten- und Marktgerechtigkeit&#8230;<\/p>\n<\/div><div class=\"grid-button\"><a href=\"http:\/\/bfo-ag.de\/index.php\/leistungen\/vermoegenscontrolling\/\" title=\"\" target=\"_self\">mehr erfahren<\/a><\/div><\/div><\/div><\/div><\/div>[\/vc_column][vc_column width=&#8220;1\/3&#8243;]<div class=\"zozo-feature-box feature-box-style style-info-box style-box-without-bg style-sep-yes  wpb_animate_when_almost_visible wpb_right-to-left clearfix\" id=\"feature-box-3\"><div class=\"grid-item\"><div class=\"grid-box-inner grid-text-left grid-box-image grid-shape-none\"><div class=\"grid-image-wrapper zozo-image-wrapper img-none\"><a href=\"http:\/\/bfo-ag.de\/index.php\/leistungen\/immaterielle-vorsorge\/\" title=\"\" target=\"_self\"><img width=\"500\" height=\"320\" src=\"https:\/\/bfo-ag.de\/wp-content\/uploads\/2021\/05\/AdobeStock_383161303-500x320.jpeg\" class=\"img-none attachment-aven-theme-mid\" alt=\"\" loading=\"lazy\" \/><\/a><\/div><div class=\"grid-content-wrapper\"><h4 class=\"grid-title \" >Immaterielle Vorsorge<\/h4><div class=\"grid-desc\" ><p>Nach eigenen Vorstellungen \u00fcber geschaffene Werte zu verf\u00fcgen bedeutet, sich Gedanken zu machen \u00fcber bisherige aber auch zuk\u00fcnftige verm\u00f6gensrechtliche Verf\u00fcgungen. Wir beraten bei der aktiven Herangehensweise&#8230;<\/p>\n<\/div><div class=\"grid-button\"><a href=\"http:\/\/bfo-ag.de\/index.php\/leistungen\/immaterielle-vorsorge\/\" title=\"\" target=\"_self\">mehr erfahren<\/a><\/div><\/div><\/div><\/div><\/div>[\/vc_column][\/vc_row][vc_row center_row=&#8220;yes&#8220;][vc_column width=&#8220;1\/3&#8243;]<div class=\"zozo-feature-box feature-box-style style-info-box style-box-without-bg style-sep-yes  wpb_animate_when_almost_visible wpb_left-to-right clearfix\" id=\"feature-box-4\"><div class=\"grid-item\"><div class=\"grid-box-inner grid-text-left grid-box-image grid-shape-none\"><div class=\"grid-image-wrapper zozo-image-wrapper img-none\"><a href=\"https:\/\/bfo-ag.de\/index.php\/leistungen\/nachfolgeberatung\/\" title=\"\" target=\"_self\"><img width=\"500\" height=\"320\" src=\"https:\/\/bfo-ag.de\/wp-content\/uploads\/2021\/05\/Nachfolgeberatung-500x320.jpg\" class=\"img-none attachment-aven-theme-mid\" alt=\"\" loading=\"lazy\" \/><\/a><\/div><div class=\"grid-content-wrapper\"><h4 class=\"grid-title \" >Nachfolgeberatung<\/h4><div class=\"grid-desc\" ><div class=\"page\" title=\"Page 10\">\n<div class=\"section\">\n<div class=\"layoutArea\">\n<div class=\"column\">\n<p>Nachfolgeberatung ist eine komplexe und sehr pers\u00f6nliche Consulting-Dienstleistung. Sie befasst sich mit der Nachfolge des Gr\u00fcnders oder gesch\u00e4ftsf\u00fchrenden Unternehmers insbesondere in mittelst\u00e4ndischen Unternehmen&#8230;\n<\/p><\/div>\n<\/div>\n<\/div>\n<\/div>\n<\/div><div class=\"grid-button\"><a href=\"https:\/\/bfo-ag.de\/index.php\/leistungen\/nachfolgeberatung\/\" title=\"Nachfolgeberatung\" target=\"_self\">mehr erfahren<\/a><\/div><\/div><\/div><\/div><\/div>[\/vc_column][vc_column width=&#8220;1\/3&#8243;]<div class=\"zozo-feature-box feature-box-style style-info-box style-box-without-bg style-sep-yes  wpb_animate_when_almost_visible wpb_bottom-to-top clearfix\" id=\"feature-box-5\"><div class=\"grid-item\"><div class=\"grid-box-inner grid-text-left grid-box-image grid-shape-none\"><div class=\"grid-image-wrapper zozo-image-wrapper img-none\"><a href=\"https:\/\/bfo-ag.de\/index.php\/leistungen\/unternehmensberatung\/\" title=\"\" target=\"_self\"><img width=\"500\" height=\"320\" src=\"https:\/\/bfo-ag.de\/wp-content\/uploads\/2021\/05\/AdobeStock_207500565-500x320.jpg\" class=\"img-none attachment-aven-theme-mid\" alt=\"Unternehmensberatung\/ Stiftungsberatung Finanzierungsberatung bei der Bfo\/ Stiftungsberatung Finanzierungsberatung\" loading=\"lazy\" \/><\/a><\/div><div class=\"grid-content-wrapper\"><h4 class=\"grid-title \" >Unternehmensberatung\/ Finanzierungsberatung<\/h4><div class=\"grid-desc\" ><div class=\"page\" title=\"Page 11\">\n<div class=\"section\">\n<div class=\"layoutArea\">\n<div class=\"column\">\n<p>Sie als Unternehmer stellen sich t\u00e4glich neuen Herausforderungen und Fragestellungen, die Auswirkungen und wesentliche Konsequenzen auf bestehende Vertr\u00e4ge und Rahmenabkommen haben&#8230;\n<\/p><\/div>\n<\/div>\n<\/div>\n<\/div>\n<\/div><div class=\"grid-button\"><a href=\"https:\/\/bfo-ag.de\/index.php\/leistungen\/unternehmensberatung\/\" title=\"Unternehmensberatung\/Finanzierungsberatung\" target=\"_self\">mehr erfahren<\/a><\/div><\/div><\/div><\/div><\/div>[\/vc_column][vc_column width=&#8220;1\/3&#8243;]<div class=\"zozo-feature-box feature-box-style style-info-box style-box-without-bg style-sep-yes  wpb_animate_when_almost_visible wpb_right-to-left clearfix\" id=\"feature-box-6\"><div class=\"grid-item\"><div class=\"grid-box-inner grid-text-left grid-box-image grid-shape-none\"><div class=\"grid-image-wrapper zozo-image-wrapper img-none\"><a href=\"https:\/\/bfo-ag.de\/index.php\/leistungen\/stiftungsberatung\/\" title=\"\" target=\"_self\"><img width=\"500\" height=\"320\" src=\"https:\/\/bfo-ag.de\/wp-content\/uploads\/2021\/05\/AdobeStock_209117978-500x320.jpg\" class=\"img-none attachment-aven-theme-mid\" alt=\"Stiftungsberatung bei der Bremer Family Office AG\" loading=\"lazy\" \/><\/a><\/div><div class=\"grid-content-wrapper\"><h4 class=\"grid-title \" >Stiftungsberatung<\/h4><div class=\"grid-desc\" ><div class=\"page\" title=\"Page 12\">\n<div class=\"section\">\n<div class=\"layoutArea\">\n<div class=\"column\">\n<p>Mit einer Stiftung schaffen Sie eine Einrichtung, die Jahrzehnte, vielleicht sogar Jahrhunderte \u00fcberdauern wird und soll. Umso wichtiger f\u00fcr Sie ist es, von Anfang an die richtigen Grundlagen f\u00fcr die \u201eUnternehmung\u201c Stiftung zu schaffen&#8230;\n<\/p><\/div>\n<\/div>\n<\/div>\n<\/div>\n<\/div><div class=\"grid-button\"><a href=\"https:\/\/bfo-ag.de\/index.php\/leistungen\/stiftungsberatung\/\" title=\"Stiftungsberatung\" target=\"_self\">mehr erfahren<\/a><\/div><\/div><\/div><\/div><\/div>[\/vc_column][\/vc_row][vc_row][vc_column][vc_empty_space height=&#8220;25px&#8220;][\/vc_column][\/vc_row][vc_row css=&#8220;.vc_custom_1482240699263{background-color: #d5cfcf !important;}&#8220;][vc_column width=&#8220;1\/2&#8243;][vc_single_image image=&#8220;4548&#8243; img_size=&#8220;335X400&#8243; alignment=&#8220;center&#8220; style=&#8220;vc_box_rounded&#8220;][\/vc_column][vc_column width=&#8220;1\/2&#8243; css=&#8220;.vc_custom_1482248803730{margin-bottom: 15px !important;}&#8220;]<div class=\"zozo-parallax-header wpb_animate_when_almost_visible wpb_bottom-to-top\"><div class=\"parallax-header content-style-default\"><h3 class=\"parallax-title text-left\" style=\"color:#354759;margin:0px -5px 0px 0px;\"><u>Sie m\u00f6chten mit uns sprechen?<\/u><\/h3><div class=\"parallax-desc default-style text-left\" style=\"color:#020000;margin:0px 0px -35px 0px;\"><p style=\"text-align: left;\"><span style=\"color: #354759;\">Wir stehen Ihnen gerne zur Verf\u00fcgung. Hinterlassen Sie bitte Ihre Telefon-Nummer und wir rufen Sie schnellstm\u00f6glich zur\u00fcck. Oder mailen Sie uns:\u00a0<\/span><\/p>\n<\/div><\/div><\/div><div role=\"form\" class=\"wpcf7\" id=\"wpcf7-f3932-o1\" lang=\"de-DE\" dir=\"ltr\">\n<div class=\"screen-reader-response\"><p role=\"status\" aria-live=\"polite\" aria-atomic=\"true\"><\/p> <ul><\/ul><\/div>\n<form action=\"\/index.php\/wp-json\/wp\/v2\/pages\/3209#wpcf7-f3932-o1\" method=\"post\" class=\"wpcf7-form init\" novalidate=\"novalidate\" data-status=\"init\">\n<div style=\"display: none;\">\n<input type=\"hidden\" name=\"_wpcf7\" value=\"3932\" \/>\n<input type=\"hidden\" name=\"_wpcf7_version\" value=\"5.4\" \/>\n<input type=\"hidden\" name=\"_wpcf7_locale\" value=\"de_DE\" \/>\n<input type=\"hidden\" name=\"_wpcf7_unit_tag\" value=\"wpcf7-f3932-o1\" \/>\n<input type=\"hidden\" name=\"_wpcf7_container_post\" value=\"0\" \/>\n<input type=\"hidden\" name=\"_wpcf7_posted_data_hash\" value=\"\" \/>\n<\/div>\n<div class=\"wpcf7-response-output\" aria-hidden=\"true\"><\/div>\n<p><span class=\"use-floating-validation-tip\"><span class=\"wpcf7-form-control-wrap Name\"><input type=\"text\" name=\"Name\" value=\"\" size=\"40\" class=\"wpcf7-form-control wpcf7-text wpcf7-validates-as-required\" aria-required=\"true\" aria-invalid=\"false\" placeholder=\"Name\" \/><\/span><br \/>\n<span class=\"wpcf7-form-control-wrap Telefon\"><input type=\"tel\" name=\"Telefon\" value=\"\" size=\"40\" class=\"wpcf7-form-control wpcf7-text wpcf7-tel wpcf7-validates-as-required wpcf7-validates-as-tel\" aria-required=\"true\" aria-invalid=\"false\" placeholder=\"Telefon\" \/><\/span><br \/>\n<span class=\"wpcf7-form-control-wrap Text\"><input type=\"text\" name=\"Text\" value=\"\" size=\"40\" class=\"wpcf7-form-control wpcf7-text wpcf7-validates-as-required\" aria-required=\"true\" aria-invalid=\"false\" placeholder=\"Nachricht\" \/><\/span><\/p>\n<div style=\"display:flex; margin:0 0 10px;\">\n<span class=\"wpcf7-form-control-wrap acceptance-38\"><span class=\"wpcf7-form-control wpcf7-acceptance\"><span class=\"wpcf7-list-item\"><input type=\"checkbox\" name=\"acceptance-38\" value=\"1\" aria-invalid=\"false\" id=\"checkbox-data-privacy\" \/><\/span><\/span><\/span><br \/>\n<label for=\"checkbox-data-privacy\" style=\"line-height:20px; margin:0 0 0 5px;\">Ich habe die <a style=\"text-decoration:underline;\" href=\"\/index.php\/datenschutz\" target=\"_blank\" rel=\"noopener\">Datenschutzerkl\u00e4rung<\/a> gelesen und stimme der Speicherung meiner Daten zu.<\/label>\n<\/div>\n<p><input type=\"submit\" value=\"Absenden\" class=\"wpcf7-form-control wpcf7-submit\" \/><\/p>\n<\/form><\/div>[\/vc_column][\/vc_row][\/vc_section]<\/p>\n","protected":false},"excerpt":{"rendered":"<p>[vc_section full_height=&#8220;yes&#8220;][vc_row][vc_column width=&#8220;1\/4&#8243;][vc_single_image image=&#8220;4540&#8243; img_size=&#8220;full&#8220; alignment=&#8220;center&#8220; style=&#8220;vc_box_rounded&#8220; onclick=&#8220;custom_link&#8220; link=&#8220;https:\/\/bfo-ag.de\/index.php\/vita\/&#8220;][vc_column_text] Wulf-Dietrich Sp\u00f6ring Vorstand \u00a0 [\/vc_column_text][\/vc_column][vc_column width=&#8220;1\/4&#8243;][vc_single_image image=&#8220;4521&#8243; img_size=&#8220;full&#8220; alignment=&#8220;center&#8220; style=&#8220;vc_box_rounded&#8220; onclick=&#8220;custom_link&#8220; link=&#8220;https:\/\/bfo-ag.de\/index.php\/vita\/&#8220;][vc_column_text] Thomas Meyer-Vierow Partner \u00a0 [\/vc_column_text][\/vc_column][vc_column width=&#8220;1\/4&#8243;][vc_single_image image=&#8220;4530&#8243; img_size=&#8220;full&#8220; alignment=&#8220;center&#8220; style=&#8220;vc_box_rounded&#8220; onclick=&#8220;custom_link&#8220; link=&#8220;https:\/\/bfo-ag.de\/index.php\/vita\/&#8220;][vc_column_text] Jan-Christoph Heitzhausen Partner \u00a0 [\/vc_column_text][\/vc_column][vc_column width=&#8220;1\/4&#8243;][vc_single_image image=&#8220;4536&#8243; img_size=&#8220;full&#8220; style=&#8220;vc_box_rounded&#8220; onclick=&#8220;custom_link&#8220; link=&#8220;https:\/\/bfo-ag.de\/index.php\/vita\/&#8220;][vc_column_text] Thomas Goldschmidt Vorstandsassistent \u00a0 [\/vc_column_text][\/vc_column][\/vc_row][vc_row][vc_column][vc_column_text css=&#8220;.vc_custom_1621261953378{padding-top: 25px !important;}&#8220;] Kontakt: Bremer Family Office AG Domshof 21 D-28195&#8230;<\/p>\n","protected":false},"author":2,"featured_media":0,"parent":0,"menu_order":0,"comment_status":"closed","ping_status":"closed","template":"template-fullwidth.php","meta":[],"yoast_head":"<!-- This site is optimized with the Yoast SEO plugin v16.0.2 - https:\/\/yoast.com\/wordpress\/plugins\/seo\/ -->\n<title>Bremer Familiy Office - Finanzberatung in Bremen<\/title>\n<meta name=\"description\" content=\"Die Bremer Family Office AG - bietet Ihnen eine fundierte und vor allem unabh\u00e4ngige Beratung zu allen finanziellen Fragestellungen.\" \/>\n<link rel=\"canonical\" href=\"https:\/\/bfo-ag.de\/\" \/>\n<meta property=\"og:locale\" content=\"de_DE\" \/>\n<meta property=\"og:type\" content=\"article\" \/>\n<meta property=\"og:title\" content=\"Bremer Familiy Office - Finanzberatung in Bremen\" \/>\n<meta property=\"og:description\" content=\"Die Bremer Family Office AG - bietet Ihnen eine fundierte und vor allem unabh\u00e4ngige Beratung zu allen finanziellen Fragestellungen.\" \/>\n<meta property=\"og:url\" content=\"https:\/\/bfo-ag.de\/\" \/>\n<meta property=\"og:site_name\" content=\"Bremer Family Office AG\" \/>\n<meta property=\"article:modified_time\" content=\"2024-08-20T19:22:45+00:00\" \/>\n<meta name=\"twitter:card\" content=\"summary\" \/>\n<meta name=\"twitter:label1\" content=\"Gesch\u00e4tzte Lesezeit\">\n\t<meta name=\"twitter:data1\" content=\"3\u00a0Minuten\">\n<script type=\"application\/ld+json\" class=\"yoast-schema-graph\">{\"@context\":\"https:\/\/schema.org\",\"@graph\":[{\"@type\":\"WebSite\",\"@id\":\"https:\/\/bfo-ag.de\/#website\",\"url\":\"https:\/\/bfo-ag.de\/\",\"name\":\"Bremer Family Office AG\",\"description\":\"Ihr Partner f\\u00fcr\",\"potentialAction\":[{\"@type\":\"SearchAction\",\"target\":\"https:\/\/bfo-ag.de\/?s={search_term_string}\",\"query-input\":\"required name=search_term_string\"}],\"inLanguage\":\"de\"},{\"@type\":\"WebPage\",\"@id\":\"https:\/\/bfo-ag.de\/#webpage\",\"url\":\"https:\/\/bfo-ag.de\/\",\"name\":\"Bremer Familiy Office - Finanzberatung in Bremen\",\"isPartOf\":{\"@id\":\"https:\/\/bfo-ag.de\/#website\"},\"datePublished\":\"2016-05-26T11:10:01+00:00\",\"dateModified\":\"2024-08-20T19:22:45+00:00\",\"description\":\"Die Bremer Family Office AG - bietet Ihnen eine fundierte und vor allem unabh\\u00e4ngige Beratung zu allen finanziellen Fragestellungen.\",\"breadcrumb\":{\"@id\":\"https:\/\/bfo-ag.de\/#breadcrumb\"},\"inLanguage\":\"de\",\"potentialAction\":[{\"@type\":\"ReadAction\",\"target\":[\"https:\/\/bfo-ag.de\/\"]}]},{\"@type\":\"BreadcrumbList\",\"@id\":\"https:\/\/bfo-ag.de\/#breadcrumb\",\"itemListElement\":[{\"@type\":\"ListItem\",\"position\":1,\"item\":{\"@type\":\"WebPage\",\"@id\":\"https:\/\/bfo-ag.de\/\",\"url\":\"https:\/\/bfo-ag.de\/\",\"name\":\"Startseite\"}},{\"@type\":\"ListItem\",\"position\":2,\"item\":{\"@type\":\"WebPage\",\"@id\":\"https:\/\/bfo-ag.de\/\",\"url\":\"https:\/\/bfo-ag.de\/\",\"name\":\"Bremer Familiy Office &#8211; Finanzberatung in Bremen\"}}]}]}<\/script>\n<!-- \/ Yoast SEO plugin. -->","_links":{"self":[{"href":"https:\/\/bfo-ag.de\/index.php\/wp-json\/wp\/v2\/pages\/3209"}],"collection":[{"href":"https:\/\/bfo-ag.de\/index.php\/wp-json\/wp\/v2\/pages"}],"about":[{"href":"https:\/\/bfo-ag.de\/index.php\/wp-json\/wp\/v2\/types\/page"}],"author":[{"embeddable":true,"href":"https:\/\/bfo-ag.de\/index.php\/wp-json\/wp\/v2\/users\/2"}],"replies":[{"embeddable":true,"href":"https:\/\/bfo-ag.de\/index.php\/wp-json\/wp\/v2\/comments?post=3209"}],"version-history":[{"count":158,"href":"https:\/\/bfo-ag.de\/index.php\/wp-json\/wp\/v2\/pages\/3209\/revisions"}],"predecessor-version":[{"id":4549,"href":"https:\/\/bfo-ag.de\/index.php\/wp-json\/wp\/v2\/pages\/3209\/revisions\/4549"}],"wp:attachment":[{"href":"https:\/\/bfo-ag.de\/index.php\/wp-json\/wp\/v2\/media?parent=3209"}],"curies":[{"name":"wp","href":"https:\/\/api.w.org\/{rel}","templated":true}]}}