{"id":2193,"date":"2016-05-12T04:17:43","date_gmt":"2016-05-12T04:17:43","guid":{"rendered":"http:\/\/themes.zozothemes.com\/aven\/?page_id=2193"},"modified":"2021-05-04T11:19:39","modified_gmt":"2021-05-04T09:19:39","slug":"kontakt","status":"publish","type":"page","link":"https:\/\/bfo-ag.de\/index.php\/kontakt\/","title":{"rendered":"Kontakt \/ Anfahrt"},"content":{"rendered":"<p>[vc_row][vc_column][vc_column_text]<strong>Kontakt &amp; Anfahrt Bremer Family Office AG<\/strong><\/p>\n<p>Sie m\u00f6chten mit uns sprechen?<\/p>\n<p>Wir stehen Ihnen gerne zur Verf\u00fcgung. Hinterlassen Sie bitte Ihre Telefon-Nummer und wir rufen Sie schnellstm\u00f6glich zur\u00fcck.[\/vc_column_text][\/vc_column][\/vc_row][vc_row center_row=&#8220;yes&#8220; css=&#8220;.vc_custom_1482487624106{padding-top: 40px !important;}&#8220;][vc_column width=&#8220;1\/2&#8243;]<div role=\"form\" class=\"wpcf7\" id=\"wpcf7-f3932-o1\" lang=\"de-DE\" dir=\"ltr\">\n<div class=\"screen-reader-response\"><p role=\"status\" aria-live=\"polite\" aria-atomic=\"true\"><\/p> <ul><\/ul><\/div>\n<form action=\"\/index.php\/wp-json\/wp\/v2\/pages\/2193#wpcf7-f3932-o1\" method=\"post\" class=\"wpcf7-form init\" novalidate=\"novalidate\" data-status=\"init\">\n<div style=\"display: none;\">\n<input type=\"hidden\" name=\"_wpcf7\" value=\"3932\" \/>\n<input type=\"hidden\" name=\"_wpcf7_version\" value=\"5.4\" \/>\n<input type=\"hidden\" name=\"_wpcf7_locale\" value=\"de_DE\" \/>\n<input type=\"hidden\" name=\"_wpcf7_unit_tag\" value=\"wpcf7-f3932-o1\" \/>\n<input type=\"hidden\" name=\"_wpcf7_container_post\" value=\"0\" \/>\n<input type=\"hidden\" name=\"_wpcf7_posted_data_hash\" value=\"\" \/>\n<\/div>\n<div class=\"wpcf7-response-output\" aria-hidden=\"true\"><\/div>\n<p><span class=\"use-floating-validation-tip\"><span class=\"wpcf7-form-control-wrap Name\"><input type=\"text\" name=\"Name\" value=\"\" size=\"40\" class=\"wpcf7-form-control wpcf7-text wpcf7-validates-as-required\" aria-required=\"true\" aria-invalid=\"false\" placeholder=\"Name\" \/><\/span><br \/>\n<span class=\"wpcf7-form-control-wrap Telefon\"><input type=\"tel\" name=\"Telefon\" value=\"\" size=\"40\" class=\"wpcf7-form-control wpcf7-text wpcf7-tel wpcf7-validates-as-required wpcf7-validates-as-tel\" aria-required=\"true\" aria-invalid=\"false\" placeholder=\"Telefon\" \/><\/span><br \/>\n<span class=\"wpcf7-form-control-wrap Text\"><input type=\"text\" name=\"Text\" value=\"\" size=\"40\" class=\"wpcf7-form-control wpcf7-text wpcf7-validates-as-required\" aria-required=\"true\" aria-invalid=\"false\" placeholder=\"Nachricht\" \/><\/span><\/p>\n<div style=\"display:flex; margin:0 0 10px;\">\n<span class=\"wpcf7-form-control-wrap acceptance-38\"><span class=\"wpcf7-form-control wpcf7-acceptance\"><span class=\"wpcf7-list-item\"><input type=\"checkbox\" name=\"acceptance-38\" value=\"1\" aria-invalid=\"false\" id=\"checkbox-data-privacy\" \/><\/span><\/span><\/span><br \/>\n<label for=\"checkbox-data-privacy\" style=\"line-height:20px; margin:0 0 0 5px;\">Ich habe die <a style=\"text-decoration:underline;\" href=\"\/index.php\/datenschutz\" target=\"_blank\" rel=\"noopener\">Datenschutzerkl\u00e4rung<\/a> gelesen und stimme der Speicherung meiner Daten zu.<\/label>\n<\/div>\n<p><input type=\"submit\" value=\"Absenden\" class=\"wpcf7-form-control wpcf7-submit\" \/><\/p>\n<\/form><\/div>[\/vc_column][vc_column width=&#8220;1\/2&#8243;]<div class=\"zozo-vc-custom-css\" data-css=\"#feature-box-1 .grid-item .grid-box-inner .grid-icon { color:#ffffff; }\n#feature-box-1 .grid-item:hover .grid-box-inner .icon-hv-bg-icon .grid-icon { color:#ffffff; }\n\"><\/div><div class=\"zozo-feature-box feature-box-style style-default-box style-sep-yes  wpb_animate_when_almost_visible wpb_bottom-to-top clearfix\" id=\"feature-box-1\"><div class=\"grid-item\"><div class=\"grid-box-inner grid-text-left grid-box-normal grid-box-icon-circle grid-icon-shape grid-shape-none\"><div class=\"grid-icon-wrapper icon-hv-bg-icon shape-icon-circle\"><i class=\"simple-icon icon-pointer grid-icon zozo-icon icon-shape icon-circle icon-skin-default icon-bg pattern-1 icon-normal\"><\/i><\/div><div class=\"grid-content-wrapper\"><h5 class=\"grid-title \" >Adresse<\/h5><div class=\"grid-desc\" ><p>Domshof 21<br \/>\n28195 Bremen<\/p>\n<\/div><\/div><\/div><\/div><\/div><div class=\"zozo-vc-custom-css\" data-css=\"#feature-box-2 .grid-item .grid-box-inner .grid-icon { color:#ffffff; }\n#feature-box-2 .grid-item:hover .grid-box-inner .icon-hv-bg-icon .grid-icon { color:#ffffff; }\n\"><\/div><div class=\"zozo-feature-box feature-box-style style-default-box style-sep-yes  wpb_animate_when_almost_visible wpb_bottom-to-top clearfix\" id=\"feature-box-2\"><div class=\"grid-item\"><div class=\"grid-box-inner grid-text-left grid-box-normal grid-box-icon-circle grid-icon-shape grid-shape-none\"><div class=\"grid-icon-wrapper icon-hv-bg-icon shape-icon-circle\"><i class=\"simple-icon icon-call-end grid-icon zozo-icon icon-shape icon-circle icon-skin-default icon-bg pattern-1 icon-normal\"><\/i><\/div><div class=\"grid-content-wrapper\"><h5 class=\"grid-title \" >Telefon<\/h5><div class=\"grid-desc\" ><p>Tel. +49 (0) 421 696 266 66<br \/>\nFax +49 (0) 421 696 266 68<\/p>\n<\/div><\/div><\/div><\/div><\/div><div class=\"zozo-vc-custom-css\" data-css=\"#feature-box-3 .grid-item .grid-box-inner .grid-icon { color:#ffffff; }\n#feature-box-3 .grid-item:hover .grid-box-inner .icon-hv-bg-icon .grid-icon { color:#ffffff; }\n\"><\/div><div class=\"zozo-feature-box feature-box-style style-default-box style-sep-yes  wpb_animate_when_almost_visible wpb_bottom-to-top clearfix\" id=\"feature-box-3\"><div class=\"grid-item\"><div class=\"grid-box-inner grid-text-left grid-box-normal grid-box-icon-circle grid-icon-shape grid-shape-none\"><div class=\"grid-icon-wrapper icon-hv-bg-icon shape-icon-circle\"><i class=\"simple-icon icon-envelope-letter grid-icon zozo-icon icon-shape icon-circle icon-skin-default icon-bg pattern-1 icon-normal\"><\/i><\/div><div class=\"grid-content-wrapper\"><h5 class=\"grid-title \" >Mail<\/h5><div class=\"grid-desc\" ><p><a href=\"mailto:info@bfo-ag.de\">info@bfo-ag.de<\/a><\/p>\n<\/div><\/div><\/div><\/div><\/div><div class=\"zozo-vc-custom-css\" data-css=\"#feature-box-4 .grid-item .grid-box-inner .grid-icon { color:#ffffff; }\n#feature-box-4 .grid-item:hover .grid-box-inner .icon-hv-bg-icon .grid-icon { color:#ffffff; }\n\"><\/div><div class=\"zozo-feature-box feature-box-style style-default-box style-sep-yes  wpb_animate_when_almost_visible wpb_bottom-to-top clearfix\" id=\"feature-box-4\"><div class=\"grid-item\"><div class=\"grid-box-inner grid-text-left grid-box-normal grid-box-icon-circle grid-icon-shape grid-shape-none\"><div class=\"grid-icon-wrapper icon-hv-bg-icon shape-icon-circle\"><i class=\"simple-icon icon-credit-card grid-icon zozo-icon icon-shape icon-circle icon-skin-default icon-bg pattern-1 icon-normal\"><\/i><\/div><div class=\"grid-content-wrapper\"><h5 class=\"grid-title \" >Virtuelle Visitenkarte<\/h5><div class=\"grid-desc\" ><p><a href=\"http:\/\/bfo-ag.de\/wp-includes\/download\/Herr_Wulf_Dietrich_Spoering.vcf\">Herr Wulf-Dietrich Sp\u00f6ring.vcf<\/a><\/p>\n<\/div><\/div><\/div><\/div><\/div>[\/vc_column][\/vc_row][vc_row center_row=&#8220;yes&#8220;][vc_column]<div class=\"zozo-parallax-header wpb_animate_when_almost_visible wpb_bottom-to-top\"><div class=\"parallax-header content-style-default\"><h2 class=\"parallax-title text-left\">Anfahrt<\/h2><\/div><\/div>[\/vc_column][\/vc_row][vc_row center_row=&#8220;yes&#8220; css=&#8220;.vc_custom_1482487258601{margin-right: -140px !important;margin-left: -140px !important;}&#8220;][vc_column][vc_gmaps link=&#8220;#E-8_JTNDaWZyYW1lJTIwc3JjJTNEJTIyaHR0cHMlM0ElMkYlMkZ3d3cuZ29vZ2xlLmNvbSUyRm1hcHMlMkZlbWJlZCUzRnBiJTNEJTIxMW0xOCUyMTFtMTIlMjExbTMlMjExZDIzOTYuODU0ODAxNzgwNTk4JTIxMmQ4LjgwNzIzOTQxNTgyODI2NSUyMTNkNTMuMDc2ODgxNTc5OTIzMzQ1JTIxMm0zJTIxMWYwJTIxMmYwJTIxM2YwJTIxM20yJTIxMWkxMDI0JTIxMmk3NjglMjE0ZjEzLjElMjEzbTMlMjExbTIlMjExczB4NDdiMTI4MTBmNTZlMGQyYiUyNTNBMHg3NWI5ZTBiOTFlZmQ3ODcwJTIxMnNEb21zaG9mJTJCMjElMjUyQyUyQjI4MTk1JTJCQnJlbWVuJTIxNWUwJTIxM20yJTIxMXNkZSUyMTJzZGUlMjE0djE0ODI0ODY0NTgwMjclMjIlMjB3aWR0aCUzRCUyMjYwMCUyMiUyMGhlaWdodCUzRCUyMjQ1MCUyMiUyMGZyYW1lYm9yZGVyJTNEJTIyMCUyMiUyMHN0eWxlJTNEJTIyYm9yZGVyJTNBMCUyMiUyMGFsbG93ZnVsbHNjcmVlbiUzRSUzQyUyRmlmcmFtZSUzRQ==&#8220; css=&#8220;.vc_custom_1482486979779{background-position: center !important;background-repeat: no-repeat !important;background-size: contain !important;}&#8220;][\/vc_column][\/vc_row]<\/p>\n","protected":false},"excerpt":{"rendered":"<p>[vc_row][vc_column][vc_column_text]Kontakt &amp; Anfahrt Bremer Family Office AG Sie m\u00f6chten mit uns sprechen? Wir stehen Ihnen gerne zur Verf\u00fcgung. Hinterlassen Sie bitte Ihre Telefon-Nummer und wir rufen Sie schnellstm\u00f6glich zur\u00fcck.[\/vc_column_text][\/vc_column][\/vc_row][vc_row center_row=&#8220;yes&#8220; css=&#8220;.vc_custom_1482487624106{padding-top: 40px !important;}&#8220;][vc_column width=&#8220;1\/2&#8243;][\/vc_column][vc_column width=&#8220;1\/2&#8243;][\/vc_column][\/vc_row][vc_row center_row=&#8220;yes&#8220;][vc_column][\/vc_column][\/vc_row][vc_row center_row=&#8220;yes&#8220; css=&#8220;.vc_custom_1482487258601{margin-right: -140px !important;margin-left: -140px !important;}&#8220;][vc_column][vc_gmaps link=&#8220;#E-8_JTNDaWZyYW1lJTIwc3JjJTNEJTIyaHR0cHMlM0ElMkYlMkZ3d3cuZ29vZ2xlLmNvbSUyRm1hcHMlMkZlbWJlZCUzRnBiJTNEJTIxMW0xOCUyMTFtMTIlMjExbTMlMjExZDIzOTYuODU0ODAxNzgwNTk4JTIxMmQ4LjgwNzIzOTQxNTgyODI2NSUyMTNkNTMuMDc2ODgxNTc5OTIzMzQ1JTIxMm0zJTIxMWYwJTIxMmYwJTIxM2YwJTIxM20yJTIxMWkxMDI0JTIxMmk3NjglMjE0ZjEzLjElMjEzbTMlMjExbTIlMjExczB4NDdiMTI4MTBmNTZlMGQyYiUyNTNBMHg3NWI5ZTBiOTFlZmQ3ODcwJTIxMnNEb21zaG9mJTJCMjElMjUyQyUyQjI4MTk1JTJCQnJlbWVuJTIxNWUwJTIxM20yJTIxMXNkZSUyMTJzZGUlMjE0djE0ODI0ODY0NTgwMjclMjIlMjB3aWR0aCUzRCUyMjYwMCUyMiUyMGhlaWdodCUzRCUyMjQ1MCUyMiUyMGZyYW1lYm9yZGVyJTNEJTIyMCUyMiUyMHN0eWxlJTNEJTIyYm9yZGVyJTNBMCUyMiUyMGFsbG93ZnVsbHNjcmVlbiUzRSUzQyUyRmlmcmFtZSUzRQ==&#8220; css=&#8220;.vc_custom_1482486979779{background-position: center !important;background-repeat: no-repeat !important;background-size: contain !important;}&#8220;][\/vc_column][\/vc_row]<\/p>\n","protected":false},"author":2,"featured_media":0,"parent":0,"menu_order":0,"comment_status":"closed","ping_status":"closed","template":"template-fullwidth.php","meta":[],"yoast_head":"<!-- This site is optimized with the Yoast SEO plugin v16.0.2 - https:\/\/yoast.com\/wordpress\/plugins\/seo\/ -->\n<title>Kontakt \/ Anfahrt &ndash; Bremer Family Office AG<\/title>\n<meta name=\"description\" content=\"Kontakt &amp; Anfahrt Bremer Family Office AG in Bremen - Sie k\u00f6nnen uns online, telefonisch oder pers\u00f6nlich erreichen per E-Mail.\" \/>\n<link rel=\"canonical\" href=\"https:\/\/bfo-ag.de\/index.php\/kontakt\/\" \/>\n<meta property=\"og:locale\" content=\"de_DE\" \/>\n<meta property=\"og:type\" content=\"article\" \/>\n<meta property=\"og:title\" content=\"Kontakt \/ Anfahrt &ndash; Bremer Family Office AG\" \/>\n<meta property=\"og:description\" content=\"Kontakt &amp; Anfahrt Bremer Family Office AG in Bremen - Sie k\u00f6nnen uns online, telefonisch oder pers\u00f6nlich erreichen per E-Mail.\" \/>\n<meta property=\"og:url\" content=\"https:\/\/bfo-ag.de\/index.php\/kontakt\/\" \/>\n<meta property=\"og:site_name\" content=\"Bremer Family Office AG\" \/>\n<meta property=\"article:modified_time\" content=\"2021-05-04T09:19:39+00:00\" \/>\n<meta name=\"twitter:card\" content=\"summary\" \/>\n<meta name=\"twitter:label1\" content=\"Gesch\u00e4tzte Lesezeit\">\n\t<meta name=\"twitter:data1\" content=\"1\u00a0Minute\">\n<script type=\"application\/ld+json\" class=\"yoast-schema-graph\">{\"@context\":\"https:\/\/schema.org\",\"@graph\":[{\"@type\":\"WebSite\",\"@id\":\"https:\/\/bfo-ag.de\/#website\",\"url\":\"https:\/\/bfo-ag.de\/\",\"name\":\"Bremer Family Office AG\",\"description\":\"Ihr Partner f\\u00fcr\",\"potentialAction\":[{\"@type\":\"SearchAction\",\"target\":\"https:\/\/bfo-ag.de\/?s={search_term_string}\",\"query-input\":\"required name=search_term_string\"}],\"inLanguage\":\"de\"},{\"@type\":\"WebPage\",\"@id\":\"https:\/\/bfo-ag.de\/index.php\/kontakt\/#webpage\",\"url\":\"https:\/\/bfo-ag.de\/index.php\/kontakt\/\",\"name\":\"Kontakt \/ Anfahrt &ndash; Bremer Family Office AG\",\"isPartOf\":{\"@id\":\"https:\/\/bfo-ag.de\/#website\"},\"datePublished\":\"2016-05-12T04:17:43+00:00\",\"dateModified\":\"2021-05-04T09:19:39+00:00\",\"description\":\"Kontakt & Anfahrt Bremer Family Office AG in Bremen - Sie k\\u00f6nnen uns online, telefonisch oder pers\\u00f6nlich erreichen per E-Mail.\",\"breadcrumb\":{\"@id\":\"https:\/\/bfo-ag.de\/index.php\/kontakt\/#breadcrumb\"},\"inLanguage\":\"de\",\"potentialAction\":[{\"@type\":\"ReadAction\",\"target\":[\"https:\/\/bfo-ag.de\/index.php\/kontakt\/\"]}]},{\"@type\":\"BreadcrumbList\",\"@id\":\"https:\/\/bfo-ag.de\/index.php\/kontakt\/#breadcrumb\",\"itemListElement\":[{\"@type\":\"ListItem\",\"position\":1,\"item\":{\"@type\":\"WebPage\",\"@id\":\"https:\/\/bfo-ag.de\/\",\"url\":\"https:\/\/bfo-ag.de\/\",\"name\":\"Startseite\"}},{\"@type\":\"ListItem\",\"position\":2,\"item\":{\"@type\":\"WebPage\",\"@id\":\"https:\/\/bfo-ag.de\/index.php\/kontakt\/\",\"url\":\"https:\/\/bfo-ag.de\/index.php\/kontakt\/\",\"name\":\"Kontakt \/ Anfahrt\"}}]}]}<\/script>\n<!-- \/ Yoast SEO plugin. -->","_links":{"self":[{"href":"https:\/\/bfo-ag.de\/index.php\/wp-json\/wp\/v2\/pages\/2193"}],"collection":[{"href":"https:\/\/bfo-ag.de\/index.php\/wp-json\/wp\/v2\/pages"}],"about":[{"href":"https:\/\/bfo-ag.de\/index.php\/wp-json\/wp\/v2\/types\/page"}],"author":[{"embeddable":true,"href":"https:\/\/bfo-ag.de\/index.php\/wp-json\/wp\/v2\/users\/2"}],"replies":[{"embeddable":true,"href":"https:\/\/bfo-ag.de\/index.php\/wp-json\/wp\/v2\/comments?post=2193"}],"version-history":[{"count":44,"href":"https:\/\/bfo-ag.de\/index.php\/wp-json\/wp\/v2\/pages\/2193\/revisions"}],"predecessor-version":[{"id":4336,"href":"https:\/\/bfo-ag.de\/index.php\/wp-json\/wp\/v2\/pages\/2193\/revisions\/4336"}],"wp:attachment":[{"href":"https:\/\/bfo-ag.de\/index.php\/wp-json\/wp\/v2\/media?parent=2193"}],"curies":[{"name":"wp","href":"https:\/\/api.w.org\/{rel}","templated":true}]}}